ose 3*b + b - 12 = j. Suppose -88 - 11 = -b*m. List the prime factors of m.
3, 11
Let v(r) = 2*r**2 + 14*r + 494. What are the prime factors of v(-30)?
2, 937
Suppose 162 + 511 = 3*u + 2*n, 2*u - n - 444 = 0. What are the prime factors of u?
223
Let c(f) = f**3 - 19*f**2 + 5*f - 41. What are the prime factors of c(19)?
2, 3
Let d(k) = -14*k - 182. List the prime factors of d(-18).
2, 5, 7
Suppose 4*p = -13*p + 31960. What are the prime factors of p?
2, 5, 47
Let x = -8 - -11. Suppose 0 = -x*c - c + 116. Suppose 4*n = 11 + c. What are the prime factors of n?
2, 5
Let t(o) = -o**3 - 8*o**2 - 5*o + 40. List the prime factors of t(-18).
2, 5, 337
Suppose -i + 3*o + 20 = 0, -o = -i - 2*o. Suppose 4*l - 34 = 2*l - 4*d, -4*d - 29 = -i*l. What are the prime factors of (-3)/(l/(-93)) + -1?
2, 3, 5
Let t = 20 - 12. List the prime factors of (-63)/(2*(-6)/t).
2, 3, 7
Suppose 3*w + 5*y - 1245 = 3395, 2*w + 3*y = 3095. What are the prime factors of w?
5, 311
Suppose -2*k = 4*i - 16, -1 + 0 = 4*k - 3*i. Let w(p) = p**3 - 4. What are the prime factors of w(k)?
2
Let y be 2/6 - 32/(-3). Suppose 3*b = 4 + y. Let i(r) = -r**3 + 5*r**2 + 6*r - 7. List the prime factors of i(b).
23
Suppose 111 = 5*d - 139. Let m = d + -32. Suppose -b - a = -21, -a + m = 2*b - 22. What are the prime factors of b?
19
Let p be (-3 + (-25)/(-5))*(-2 + 1). What are the prime factors of ((-1608)/30)/((-36)/15 - p)?
2, 67
Let g = 1747 + -786. What are the prime factors of g?
31
Suppose -4*i + 7 = -5. Suppose -2*j = -i*t + 13, -5*j - 44 = -5*t - 19. Suppose -t*z - 4*l + 20 = -43, 5*z - 4*l - 73 = 0. List the prime factors of z.
17
Suppose -2*t = -l - 3*l + 28, 3*t = 4*l - 24. Suppose l = g - 7. List the prime factors of (-6)/(2/(g/(-2))).
2, 3
Suppose -3*d = -6*d + 3. List the prime factors of (-5804)/(-28) - ((-9)/(-7) - d).
3, 23
Let s = -103 - -197. Let j = s + -64. What are the prime factors of j?
2, 3, 5
Suppose 1 = 2*y - 11. Let n(q) be the second derivative of q**3/2 - 6*q**2 + 48*q. List the prime factors of n(y).
2, 3
Let u = -146 - -64. Let k = -37 - u. List the prime factors of k.
3, 5
Let k(r) = 2*r**2 + 51*r + 5. Let b(j) = -j**2 - 34*j - 3. Let l(t) = 8*b(t) + 5*k(t). Let n = 6 - -5. What are the prime factors of l(n)?
2, 7
Let r be 2/3*(-3 + 6). Suppose 2*i = -r*i. Suppose i*d - 4*d = -172. List the prime factors of d.
43
Let d(f) = 5*f**2 + 2*f + 1. Let j be d(-1). Let k = j + 87. What are the prime factors of k?
7, 13
Let v(d) = 2*d**3 - 4*d**2 - 10*d. Let q be v(6). Suppose -4*i = -4*x + q, 135 = 3*x - i - 32. What are the prime factors of x?
5, 11
Let k(v) = -v**2 + 8*v - 9. Suppose 2*d - 6 = -t + 5*d, 4*d = -2*t + 12. Let q be k(t). Suppose 80 = -q*p + 5*p. List the prime factors of p.
2, 5
Let i be -1*3 + (4 - 11). List the prime factors of (-1)/(-5) + (-1328)/i + -1.
2, 3, 11
List the prime factors of (1039/3 - 2)/((-7)/(-42)).
2, 1033
Let s = -1654 + 1821. List the prime factors of s.
167
Let t = 1959 + -758. List the prime factors of t.
1201
Let b(i) = -i - 1. Let o(l) = 31*l**2 - 8*l - 4. Let s(f) = -6*b(f) + o(f). What are the prime factors of s(-2)?
2, 5, 13
Let t(l) = 2*l**2 + 8*l + 6. Let u = 9 + -18. Let m = u - -4. List the prime factors of t(m).
2
Suppose 10*f = 11916 + 3424. What are the prime factors of f?
2, 13, 59
What are the prime factors of -3 - 4080/(-6 - 0)?
677
Let p(z) = -1. Let q(l) = -l**3 + l**2 + 3*l + 5. Let m(h) = 4*p(h) + q(h). Let t be 1/2 - 15/6. List the prime factors of m(t).
7
Suppose -2*k - 27 - 13 = -4*c, 0 = c - 2*k - 16. Suppose -3*i + 5*i - 3*u + 10 = 0, i + 3*u - 13 = 0. Let x = c - i. What are the prime factors of x?
7
Suppose -2*n + n = 0. Let v(u) = 53 + u**2 + 81*u**3 - 161*u**3 + 79*u**3. What are the prime factors of v(n)?
53
What are the prime factors of 10/90 - (268/(-18) + 4)?
11
Let i = -1214 + 2518. List the prime factors of i.
2, 163
Suppose 0*i - 435 = -5*i + 5*s, -s = -2*i + 169. What are the prime factors of i?
2, 41
Suppose 2*h + 1298 = d - 1176, 9860 = 4*d + 4*h. List the prime factors of d.
2, 617
Let v(b) = -b**2 - 23. Let a be v(0). Let t be (2 + -1 + 0)*2. What are the prime factors of (t - 0 - a) + -2?
23
Suppose -4*m + 3038 = 2*j, -4*j = -m - m - 6106. What are the prime factors of j?
5, 61
Let i(l) = -l. Let q(t) = 166*t - 2. Let o(c) = -6*i(c) - q(c). What are the prime factors of o(-1)?
2, 3
Suppose 0 = 8*v - 3808 + 192. List the prime factors of v.
2, 113
Let p(x) = -x**2 + 7*x. Let g(l) = 1. Let i(y) = -2*g(y) + p(y). Let k be i(6). Suppose 23 = 3*n + 5*w, -n + 0*n - 4*w - k = 0. List the prime factors of n.
2
Suppose 2*h + 2 = 5*m, -2*h = -6 - 2. What are the prime factors of 12 - (24/18)/(m/3)?
2, 5
Suppose 4*l - 2*l + 150 = 0. Let g = 63 - l. List the prime factors of g.
2, 3, 23
Let u = -227 + 95. Let b be (u/(-8))/(3/4). Suppose b = 2*o - 3*x, -x = -0*o + o - 21. List the prime factors of o.
17
Let q = 1211 + -682. What are the prime factors of q?
23
Let p(s) = -s**3 + 4*s**2 + 13*s. Let o be p(6). Let y(x) = -x**3 + 0 + 8*x**2 + 3*x + 1 - 11*x. List the prime factors of y(o).
5
Let i = 1075 + -233. What are the prime factors of i?
2, 421
Let r = 413 - 8. Suppose -2*b - 292 = -4*i, -99 = 4*i + 5*b - r. What are the prime factors of i?
2, 37
Suppose 0 = -25*v + 23*v + 758. List the prime factors of v.
379
Let t(x) = x**2 - x - 21. Let v be t(-5). What are the prime factors of v/(4/((-872)/(-6)))?
3, 109
Suppose 0 = -i + y + 270, 2*i + 2*y = -2*i + 1104. Let a = i - 157. List the prime factors of a.
3, 13
Suppose 0*j - 6 = -3*j, -5*b - j - 18 = 0. Let v = -15 - b. Let k(c) = -3*c + 15. What are the prime factors of k(v)?
2, 3
Suppose -38*s + 116695 = -17787. What are the prime factors of s?
3539
Let w(t) = -2*t + 12. Let m be w(8). List the prime factors of -4 - (8/(-3))/(m/(-222)).
2, 3
Let f(v) = -73*v + 36. What are the prime factors of f(-4)?
2, 41
Let h(a) = 5*a**2 + 2*a. Let f be h(-2). What are the prime factors of 1/4 - (-604)/f?
2, 19
Let q be ((-12)/9)/(1/12). Let p be 5/(-40) - 162/q. List the prime factors of ((-78)/p)/((-8)/40).
3, 13
Let r be (6/4)/((-42)/56). Let y(l) = l + 1. Let d be y(r). What are the prime factors of 3 - (16 + 3)*d?
2, 11
Suppose 0 = x - 0*x + 4*y + 79, -3*x + 5*y = 152. Let w = x - -102. What are the prime factors of w?
43
Let g(n) = -n**3 - 21*n**2 + 47*n - 7. What are the prime factors of g(-25)?
2, 659
Let m(q) = 87*q - 150. List the prime factors of m(16).
2, 3, 23
Let o(m) be the third derivative of 17*m**4/24 + m**3/6 - 6*m**2. Let s be o(-3). What are the prime factors of 30/s - 456/(-10)?
3, 5
Let o(h) = h**2 - 7*h + 20. Let u be (0 - 1)/(10/(-120)). What are the prime factors of o(u)?
2, 5
Let z(k) = k**2 + 9*k + 16. Let a be z(-9). Suppose -f - a*f = -901. List the prime factors of f.
53
Suppose -2*r - 852 = -5*s + 2379, 3233 = 5*s - r. What are the prime factors of s?
647
Let y(n) = -n**2 + n + 6. Let g be y(3). Suppose 192 = 3*x - 7*x. List the prime factors of (g - x) + -6 + 5.
47
Let w(p) = 5*p - 10. Let q be w(-5). Let n = q + 55. Suppose n + 13 = t. List the prime factors of t.
3, 11
Suppose -1 + 0 = 2*f + h, 0 = 4*f + 4*h + 4. Suppose -x + 160 = 4*z - 5*x, -2*z + 5*x + 80 = f. What are the prime factors of z?
2, 5
Let m = 20 + -18. Suppose 5*n + 4*c - 641 = 0, 0*c - 4*c - 234 = -m*n. List the prime factors of n.
5
Let z(a) = -a**2 + 21*a - 34. Let w be z(15). What are the prime factors of (-246)/(-8) + 14/w?
31
Let z(b) = -b**3 + 6*b**2 - 3. Let h be z(6). Suppose 3 + 35 = 2*n. Let c = n + h. What are the prime factors of c?
2
Let z(j) = 86*j - 91. What are the prime factors of z(5)?
3, 113
Let j(z) = -z**3 - z**2 - z + 3. Let t be j(0). Suppose -t*p - 128 = 157. Let m = p - -149. What are the prime factors of m?
2, 3
Suppose 5*v - 5 = 0, 2*c - 3 = v + 4. Suppose -2*j + c*j = 96. What are the prime factors of j?
2, 3
Let w(n) = -59*n**3 + 9*n**2 + 8*n. What are the prime factors of w(-3)?
2, 3, 5, 11
Let t(o) = 21*o**2 + 32*o + 139. List the prime factors of t(-7).
2, 59
Suppose 49*h - 483855 = -170696. What are the prime factors of h?
7, 11, 83
Let s be ((-2)/5)/((-13)/325). Suppose s*g - 11*g = -6. Suppose 5*a + g = 106. What are the prime factors of a?
2, 5
Suppose -13*b = -13163 - 14956. List the prime factors of b.
3, 7, 103
Suppose 1